{"id":253,"date":"2020-10-22T01:59:34","date_gmt":"2020-10-22T01:59:34","guid":{"rendered":"http:\/\/centrumvilla.hu\/index.php\/services\/"},"modified":"2025-09-24T11:08:31","modified_gmt":"2025-09-24T10:08:31","slug":"services","status":"publish","type":"page","link":"https:\/\/centrumvilla.hu\/index.php\/services\/","title":{"rendered":"Hasznos inform\u00e1ci\u00f3k"},"content":{"rendered":"\t\t<div data-elementor-type=\"wp-page\" data-elementor-id=\"253\" class=\"elementor elementor-253\">\n\t\t\t\t\t\t<section class=\"elementor-section elementor-top-section elementor-element elementor-element-051dbbe elementor-section-boxed elementor-section-height-default elementor-section-height-default wpr-particle-no wpr-jarallax-no wpr-parallax-no wpr-sticky-section-no\" data-id=\"051dbbe\" data-element_type=\"section\" data-e-type=\"section\">\n\t\t\t\t\t\t<div class=\"elementor-container elementor-column-gap-default\">\n\t\t\t\t\t<div class=\"elementor-column elementor-col-100 elementor-top-column elementor-element elementor-element-3f20527\" data-id=\"3f20527\" data-element_type=\"column\" data-e-type=\"column\">\n\t\t\t<div class=\"elementor-widget-wrap elementor-element-populated\">\n\t\t\t\t\t\t<div class=\"elementor-element elementor-element-afcb3e3 elementor-widget elementor-widget-heading\" data-id=\"afcb3e3\" data-element_type=\"widget\" data-e-type=\"widget\" data-widget_type=\"heading.default\">\n\t\t\t\t<div class=\"elementor-widget-container\">\n\t\t\t\t\t<h2 class=\"elementor-heading-title elementor-size-default\">Hasznos Inform\u00e1ci\u00f3k<\/h2>\t\t\t\t<\/div>\n\t\t\t\t<\/div>\n\t\t\t\t\t<\/div>\n\t\t<\/div>\n\t\t\t\t\t<\/div>\n\t\t<\/section>\n\t\t\t\t<section class=\"elementor-section elementor-top-section elementor-element elementor-element-0be82c0 elementor-section-boxed elementor-section-height-default elementor-section-height-default wpr-particle-no wpr-jarallax-no wpr-parallax-no wpr-sticky-section-no\" data-id=\"0be82c0\" data-element_type=\"section\" data-e-type=\"section\">\n\t\t\t\t\t\t<div class=\"elementor-container elementor-column-gap-default\">\n\t\t\t\t\t<div class=\"elementor-column elementor-col-100 elementor-top-column elementor-element elementor-element-31bca71\" data-id=\"31bca71\" data-element_type=\"column\" data-e-type=\"column\">\n\t\t\t<div class=\"elementor-widget-wrap elementor-element-populated\">\n\t\t\t\t\t\t<div class=\"elementor-element elementor-element-5b2115a elementor-widget elementor-widget-text-editor\" data-id=\"5b2115a\" data-element_type=\"widget\" data-e-type=\"widget\" data-widget_type=\"text-editor.default\">\n\t\t\t\t<div class=\"elementor-widget-container\">\n\t\t\t\t\t\t\t\t\t<p>B\u00e1rmilyen k\u00e9rd\u00e9s mer\u00fclne fel \u00d6nben, minden h\u00e9tk\u00f6znap 8:00-t\u00f3l 17:00-ig telefonon sz\u00edvesen \u00e1llunk rendelkez\u00e9s\u00fckre, illetve emailen kereszt\u00fcl is k\u00e9szs\u00e9ggel v\u00e1laszolunk k\u00e9rd\u00e9seikre.<\/p><p>El\u00e9rhet\u0151s\u00e9geink:<\/p><p>+36 70 577 0444<\/p><p>centrumvillatokaj@gmail.com<\/p>\t\t\t\t\t\t\t\t<\/div>\n\t\t\t\t<\/div>\n\t\t\t\t\t<\/div>\n\t\t<\/div>\n\t\t\t\t\t<\/div>\n\t\t<\/section>\n\t\t\t\t<section class=\"elementor-section elementor-top-section elementor-element elementor-element-72a80e5 elementor-section-boxed elementor-section-height-default elementor-section-height-default wpr-particle-no wpr-jarallax-no wpr-parallax-no wpr-sticky-section-no\" data-id=\"72a80e5\" data-element_type=\"section\" data-e-type=\"section\">\n\t\t\t\t\t\t<div class=\"elementor-container elementor-column-gap-default\">\n\t\t\t\t\t<div class=\"elementor-column elementor-col-33 elementor-top-column elementor-element elementor-element-bec0680\" data-id=\"bec0680\" data-element_type=\"column\" data-e-type=\"column\">\n\t\t\t<div class=\"elementor-widget-wrap elementor-element-populated\">\n\t\t\t\t\t\t<div class=\"elementor-element elementor-element-77e6bf0 elementor-widget elementor-widget-heading\" data-id=\"77e6bf0\" data-element_type=\"widget\" data-e-type=\"widget\" data-widget_type=\"heading.default\">\n\t\t\t\t<div class=\"elementor-widget-container\">\n\t\t\t\t\t<h2 class=\"elementor-heading-title elementor-size-default\">Bejelentkez\u00e9s<\/h2>\t\t\t\t<\/div>\n\t\t\t\t<\/div>\n\t\t\t\t<div class=\"elementor-element elementor-element-2b638e3 elementor-widget elementor-widget-text-editor\" data-id=\"2b638e3\" data-element_type=\"widget\" data-e-type=\"widget\" data-widget_type=\"text-editor.default\">\n\t\t\t\t<div class=\"elementor-widget-container\">\n\t\t\t\t\t\t\t\t\t<p>A szob\u00e1k elfoglal\u00e1s\u00e1ra 14:00-t\u00f3l 20:00-ig van lehet\u0151s\u00e9g, de el\u0151re egyeztet\u00e9s eset\u00e9n az egyedi k\u00e9r\u00e9seket is rugalmasan kezelj\u00fck.<\/p>\t\t\t\t\t\t\t\t<\/div>\n\t\t\t\t<\/div>\n\t\t\t\t\t<\/div>\n\t\t<\/div>\n\t\t\t\t<div class=\"elementor-column elementor-col-33 elementor-top-column elementor-element elementor-element-1599a96\" data-id=\"1599a96\" data-element_type=\"column\" data-e-type=\"column\">\n\t\t\t<div class=\"elementor-widget-wrap elementor-element-populated\">\n\t\t\t\t\t\t<div class=\"elementor-element elementor-element-f43de74 elementor-widget elementor-widget-heading\" data-id=\"f43de74\" data-element_type=\"widget\" data-e-type=\"widget\" data-widget_type=\"heading.default\">\n\t\t\t\t<div class=\"elementor-widget-container\">\n\t\t\t\t\t<h2 class=\"elementor-heading-title elementor-size-default\">Kijelentkez\u00e9s<\/h2>\t\t\t\t<\/div>\n\t\t\t\t<\/div>\n\t\t\t\t<div class=\"elementor-element elementor-element-3d6318c elementor-widget elementor-widget-text-editor\" data-id=\"3d6318c\" data-element_type=\"widget\" data-e-type=\"widget\" data-widget_type=\"text-editor.default\">\n\t\t\t\t<div class=\"elementor-widget-container\">\n\t\t\t\t\t\t\t\t\t<p>A t\u00e1voz\u00e1s napj\u00e1n a szob\u00e1kat d\u00e9lel\u0151tt 10:00-ig k\u00e9rj\u00fck elhagyni \u00e9s a kulcsokat leadni.<\/p>\t\t\t\t\t\t\t\t<\/div>\n\t\t\t\t<\/div>\n\t\t\t\t\t<\/div>\n\t\t<\/div>\n\t\t\t\t<div class=\"elementor-column elementor-col-33 elementor-top-column elementor-element elementor-element-2ddc13f\" data-id=\"2ddc13f\" data-element_type=\"column\" data-e-type=\"column\">\n\t\t\t<div class=\"elementor-widget-wrap elementor-element-populated\">\n\t\t\t\t\t\t<div class=\"elementor-element elementor-element-631cdb6 elementor-widget elementor-widget-heading\" data-id=\"631cdb6\" data-element_type=\"widget\" data-e-type=\"widget\" data-widget_type=\"heading.default\">\n\t\t\t\t<div class=\"elementor-widget-container\">\n\t\t\t\t\t<h2 class=\"elementor-heading-title elementor-size-default\">Parkol\u00f3<\/h2>\t\t\t\t<\/div>\n\t\t\t\t<\/div>\n\t\t\t\t<div class=\"elementor-element elementor-element-0433de7 elementor-widget elementor-widget-text-editor\" data-id=\"0433de7\" data-element_type=\"widget\" data-e-type=\"widget\" data-widget_type=\"text-editor.default\">\n\t\t\t\t<div class=\"elementor-widget-container\">\n\t\t\t\t\t\t\t\t\t<p>Apartmanh\u00e1zunk m\u00e9g nem rendelkezik saj\u00e1t parkol\u00f3val, \u00edgy arra csak az utc\u00e1n van lehet\u0151s\u00e9g.<\/p>\t\t\t\t\t\t\t\t<\/div>\n\t\t\t\t<\/div>\n\t\t\t\t\t<\/div>\n\t\t<\/div>\n\t\t\t\t\t<\/div>\n\t\t<\/section>\n\t\t\t\t<section class=\"elementor-section elementor-top-section elementor-element elementor-element-b74a1e0 elementor-section-boxed elementor-section-height-default elementor-section-height-default wpr-particle-no wpr-jarallax-no wpr-parallax-no wpr-sticky-section-no\" data-id=\"b74a1e0\" data-element_type=\"section\" data-e-type=\"section\">\n\t\t\t\t\t\t<div class=\"elementor-container elementor-column-gap-default\">\n\t\t\t\t\t<div class=\"elementor-column elementor-col-25 elementor-top-column elementor-element elementor-element-07768a6\" data-id=\"07768a6\" data-element_type=\"column\" data-e-type=\"column\">\n\t\t\t<div class=\"elementor-widget-wrap elementor-element-populated\">\n\t\t\t\t\t\t<div class=\"elementor-element elementor-element-a6697ab elementor-widget elementor-widget-heading\" data-id=\"a6697ab\" data-element_type=\"widget\" data-e-type=\"widget\" data-widget_type=\"heading.default\">\n\t\t\t\t<div class=\"elementor-widget-container\">\n\t\t\t\t\t<h2 class=\"elementor-heading-title elementor-size-default\">Internet<\/h2>\t\t\t\t<\/div>\n\t\t\t\t<\/div>\n\t\t\t\t<div class=\"elementor-element elementor-element-8386a6b elementor-widget elementor-widget-text-editor\" data-id=\"8386a6b\" data-element_type=\"widget\" data-e-type=\"widget\" data-widget_type=\"text-editor.default\">\n\t\t\t\t<div class=\"elementor-widget-container\">\n\t\t\t\t\t\t\t\t\t<p>Apartmanunk eg\u00e9sz ter\u00fclet\u00e9n ingyenes az internet haszn\u00e1lat, vend\u00e9geink \u00e9rkez\u00e9sekor t\u00e1j\u00e9koztatjuk a Wifi k\u00f3dr\u00f3l.<\/p>\t\t\t\t\t\t\t\t<\/div>\n\t\t\t\t<\/div>\n\t\t\t\t\t<\/div>\n\t\t<\/div>\n\t\t\t\t<div class=\"elementor-column elementor-col-25 elementor-top-column elementor-element elementor-element-a5acdf4\" data-id=\"a5acdf4\" data-element_type=\"column\" data-e-type=\"column\">\n\t\t\t<div class=\"elementor-widget-wrap elementor-element-populated\">\n\t\t\t\t\t\t<div class=\"elementor-element elementor-element-018b06d elementor-widget elementor-widget-heading\" data-id=\"018b06d\" data-element_type=\"widget\" data-e-type=\"widget\" data-widget_type=\"heading.default\">\n\t\t\t\t<div class=\"elementor-widget-container\">\n\t\t\t\t\t<h2 class=\"elementor-heading-title elementor-size-default\">Elhelyezked\u00e9s<\/h2>\t\t\t\t<\/div>\n\t\t\t\t<\/div>\n\t\t\t\t<div class=\"elementor-element elementor-element-66f2043 elementor-widget elementor-widget-text-editor\" data-id=\"66f2043\" data-element_type=\"widget\" data-e-type=\"widget\" data-widget_type=\"text-editor.default\">\n\t\t\t\t<div class=\"elementor-widget-container\">\n\t\t\t\t\t\t\t\t\t<p>A h\u00e1zunk a J\u00f3zsef Attila u. \u00e9s a Vasv\u00e1ri P\u00e1l u. tal\u00e1lkoz\u00e1s\u00e1n\u00e1l helyezkedik el, a sarkon l\u00e9v\u0151 ikerh\u00e1z sor els\u0151 tagja. K\u00f6zvetlen a r\u00e9gi Zsinag\u00f3ga bal oldal\u00e1n tal\u00e1lhat\u00f3, \u00edgy a kil\u00e1t\u00e1s is pazar a szob\u00e1kb\u00f3l.<\/p>\t\t\t\t\t\t\t\t<\/div>\n\t\t\t\t<\/div>\n\t\t\t\t\t<\/div>\n\t\t<\/div>\n\t\t\t\t<div class=\"elementor-column elementor-col-25 elementor-top-column elementor-element elementor-element-5dc328f\" data-id=\"5dc328f\" data-element_type=\"column\" data-e-type=\"column\">\n\t\t\t<div class=\"elementor-widget-wrap elementor-element-populated\">\n\t\t\t\t\t\t<div class=\"elementor-element elementor-element-c3ee084 elementor-widget elementor-widget-heading\" data-id=\"c3ee084\" data-element_type=\"widget\" data-e-type=\"widget\" data-widget_type=\"heading.default\">\n\t\t\t\t<div class=\"elementor-widget-container\">\n\t\t\t\t\t<h2 class=\"elementor-heading-title elementor-size-default\">Ell\u00e1t\u00e1s<\/h2>\t\t\t\t<\/div>\n\t\t\t\t<\/div>\n\t\t\t\t<div class=\"elementor-element elementor-element-e1fbc27 elementor-widget__width-initial elementor-widget elementor-widget-text-editor\" data-id=\"e1fbc27\" data-element_type=\"widget\" data-e-type=\"widget\" data-widget_type=\"text-editor.default\">\n\t\t\t\t<div class=\"elementor-widget-container\">\n\t\t\t\t\t\t\t\t\t<p>Apartmanh\u00e1zunkban nem ig\u00e9nyelhet\u0151 ell\u00e1t\u00e1s, azonban egyik szob\u00e1n felszerelt konyh\u00e1val rendelkezik, \u00edgy \u00f6nell\u00e1t\u00e1sra alkalmas. A t\u00f6bbi szob\u00e1nkban megsz\u00e1ll\u00f3 vend\u00e9geinknek a k\u00f6zelben l\u00e9v\u0151 fantasztikus \u00e9ttermeket aj\u00e1nljuk figyelm\u00e9be, amelyeket maximum 300 m\u00e9ter s\u00e9t\u00e1val el\u00e9rhetnek.<\/p>\t\t\t\t\t\t\t\t<\/div>\n\t\t\t\t<\/div>\n\t\t\t\t\t<\/div>\n\t\t<\/div>\n\t\t\t\t<div class=\"elementor-column elementor-col-25 elementor-top-column elementor-element elementor-element-7cae58e\" data-id=\"7cae58e\" data-element_type=\"column\" data-e-type=\"column\">\n\t\t\t<div class=\"elementor-widget-wrap elementor-element-populated\">\n\t\t\t\t\t\t<div class=\"elementor-element elementor-element-deb3973 elementor-widget elementor-widget-heading\" data-id=\"deb3973\" data-element_type=\"widget\" data-e-type=\"widget\" data-widget_type=\"heading.default\">\n\t\t\t\t<div class=\"elementor-widget-container\">\n\t\t\t\t\t<h2 class=\"elementor-heading-title elementor-size-default\">P\u00f3t\u00e1gy<\/h2>\t\t\t\t<\/div>\n\t\t\t\t<\/div>\n\t\t\t\t<div class=\"elementor-element elementor-element-aae973b elementor-widget elementor-widget-text-editor\" data-id=\"aae973b\" data-element_type=\"widget\" data-e-type=\"widget\" data-widget_type=\"text-editor.default\">\n\t\t\t\t<div class=\"elementor-widget-container\">\n\t\t\t\t\t\t\t\t\t<p>Csak egy szob\u00e1nk p\u00f3t\u00e1gyazhat\u00f3, de kis\u00e1gy el\u0151re jelzett ig\u00e9ny alapj\u00e1n m\u00e1s szob\u00e1kban is elhelyezhet\u0151.<\/p>\t\t\t\t\t\t\t\t<\/div>\n\t\t\t\t<\/div>\n\t\t\t\t\t<\/div>\n\t\t<\/div>\n\t\t\t\t\t<\/div>\n\t\t<\/section>\n\t\t\t\t<section class=\"elementor-section elementor-top-section elementor-element elementor-element-f02555d elementor-section-boxed elementor-section-height-default elementor-section-height-default wpr-particle-no wpr-jarallax-no wpr-parallax-no wpr-sticky-section-no\" data-id=\"f02555d\" data-element_type=\"section\" data-e-type=\"section\">\n\t\t\t\t\t\t<div class=\"elementor-container elementor-column-gap-default\">\n\t\t\t\t\t<div class=\"elementor-column elementor-col-100 elementor-top-column elementor-element elementor-element-b076649\" data-id=\"b076649\" data-element_type=\"column\" data-e-type=\"column\">\n\t\t\t<div class=\"elementor-widget-wrap elementor-element-populated\">\n\t\t\t\t\t\t<div class=\"elementor-element elementor-element-c15751f elementor-widget elementor-widget-image\" data-id=\"c15751f\" data-element_type=\"widget\" data-e-type=\"widget\" data-widget_type=\"image.default\">\n\t\t\t\t<div class=\"elementor-widget-container\">\n\t\t\t\t\t\t\t\t\t\t\t\t\t\t\t<img fetchpriority=\"high\" decoding=\"async\" width=\"294\" height=\"300\" src=\"https:\/\/centrumvilla.hu\/wp-content\/uploads\/2025\/09\/pngfind.com-grapes-png-1000711-294x300.png\" class=\"attachment-medium size-medium wp-image-1366\" alt=\"\" srcset=\"https:\/\/centrumvilla.hu\/wp-content\/uploads\/2025\/09\/pngfind.com-grapes-png-1000711-294x300.png 294w, https:\/\/centrumvilla.hu\/wp-content\/uploads\/2025\/09\/pngfind.com-grapes-png-1000711.png 588w\" sizes=\"(max-width: 294px) 100vw, 294px\" \/>\t\t\t\t\t\t\t\t\t\t\t\t\t\t\t<\/div>\n\t\t\t\t<\/div>\n\t\t\t\t\t<\/div>\n\t\t<\/div>\n\t\t\t\t\t<\/div>\n\t\t<\/section>\n\t\t\t\t<\/div>\n\t\t","protected":false},"excerpt":{"rendered":"<p>Hasznos Inform\u00e1ci\u00f3k B\u00e1rmilyen k\u00e9rd\u00e9s mer\u00fclne fel \u00d6nben, minden h\u00e9tk\u00f6znap 8:00-t\u00f3l 17:00-ig telefonon sz\u00edvesen \u00e1llunk rendelkez\u00e9s\u00fckre, illetve emailen kereszt\u00fcl is k\u00e9szs\u00e9ggel v\u00e1laszolunk k\u00e9rd\u00e9seikre. El\u00e9rhet\u0151s\u00e9geink: +36 70 577 0444 centrumvillatokaj@gmail.com Bejelentkez\u00e9s A szob\u00e1k elfoglal\u00e1s\u00e1ra 14:00-t\u00f3l 20:00-ig van lehet\u0151s\u00e9g, de el\u0151re egyeztet\u00e9s eset\u00e9n az egyedi k\u00e9r\u00e9seket is rugalmasan kezelj\u00fck. Kijelentkez\u00e9s A t\u00e1voz\u00e1s napj\u00e1n<\/p>\n","protected":false},"author":1,"featured_media":0,"parent":0,"menu_order":0,"comment_status":"closed","ping_status":"closed","template":"","meta":{"om_disable_all_campaigns":false,"_themeisle_gutenberg_block_has_review":false,"footnotes":""},"class_list":["post-253","page","type-page","status-publish","hentry"],"aioseo_notices":[],"_links":{"self":[{"href":"https:\/\/centrumvilla.hu\/index.php\/wp-json\/wp\/v2\/pages\/253","targetHints":{"allow":["GET"]}}],"collection":[{"href":"https:\/\/centrumvilla.hu\/index.php\/wp-json\/wp\/v2\/pages"}],"about":[{"href":"https:\/\/centrumvilla.hu\/index.php\/wp-json\/wp\/v2\/types\/page"}],"author":[{"embeddable":true,"href":"https:\/\/centrumvilla.hu\/index.php\/wp-json\/wp\/v2\/users\/1"}],"replies":[{"embeddable":true,"href":"https:\/\/centrumvilla.hu\/index.php\/wp-json\/wp\/v2\/comments?post=253"}],"version-history":[{"count":104,"href":"https:\/\/centrumvilla.hu\/index.php\/wp-json\/wp\/v2\/pages\/253\/revisions"}],"predecessor-version":[{"id":1381,"href":"https:\/\/centrumvilla.hu\/index.php\/wp-json\/wp\/v2\/pages\/253\/revisions\/1381"}],"wp:attachment":[{"href":"https:\/\/centrumvilla.hu\/index.php\/wp-json\/wp\/v2\/media?parent=253"}],"curies":[{"name":"wp","href":"https:\/\/api.w.org\/{rel}","templated":true}]}}